{"id":41,"date":"2008-11-20T15:48:26","date_gmt":"2008-11-20T14:48:26","guid":{"rendered":"http:\/\/77.37.12.251\/apache2-default\/poweleit\/?page_id=41"},"modified":"2018-02-17T13:58:18","modified_gmt":"2018-02-17T12:58:18","slug":"organisierte-weinkultur","status":"publish","type":"page","link":"https:\/\/www.poweleit.eu\/?page_id=41","title":{"rendered":"Organisierte Weinkultur"},"content":{"rendered":"<p>Aufgaben, Ziel und Wirken der Weinbruderschaften sei beispielsweise bei der Weinbruderschaft Rheinhessen zu Sankt Katharinen beschrieben.<\/p>\n<p>Am besten dargestellt wird dies im Rheinhessischen Weinlexikon<br \/>\nvon Dr. Hans-J\u00f6rg Koch (Zitat):<\/p>\n<p>Gegr\u00fcndet in Oktober 1970 in Oppenheim, wo auch ihr Sitz ist&lt;&gt;.<br \/>\nReine ideelle Vereinigung von Freunden des Rheinhessischen Weines aus allen Berufen und Bev\u00f6lkerungsschichten mit begrenzter Mitgliederzahl. Ziele sind<\/p>\n<ul>\n<li>Pflege und F\u00f6rderung der Weinkultur<\/li>\n<li>Vermehrung des Wissens um den Wein<\/li>\n<li>Eintreten f\u00fcr die Weinehrlichkeit und<\/li>\n<li>Kontakt zu anderen Weinbruderschaften<\/li>\n<\/ul>\n<p>\u00dcber den von einem B\u00fcrgen zu unterst\u00fctzenden Aufnahmeantrag entscheidet der Bruderrat. Die Zahl der dem Weinfach angeh\u00f6renden Weinbr\u00fcder darf nicht gr\u00f6\u00dfer sein als die der Mitglieder aus anderen Berufszweigen, damit jegliche kommerziell-gewerbliche Bestrebung ausgeschlossen wird. Bei der feierlichen Aufnahme gelobt der neue Weinbruder &#8222;die Weinkultur nach Kr\u00e4ften zu f\u00f6rdern, Unwissende in die Kunst des Weingenie\u00dfens einzuf\u00fchren und nicht ohne Not an einer guten Flasche Wein vor\u00fcberzugehen&#8220;.<\/p>\n<p>Weitere Informationen siehe:<\/p>\n<p>www.weinbruderschaft-rheinhessen.de<\/p>\n","protected":false},"excerpt":{"rendered":"<p>Aufgaben, Ziel und Wirken der Weinbruderschaften sei beispielsweise bei der Weinbruderschaft Rheinhessen zu Sankt Katharinen beschrieben. Am besten dargestellt wird dies im Rheinhessischen Weinlexikon von Dr. Hans-J\u00f6rg Koch (Zitat): Gegr\u00fcndet in Oktober 1970 in Oppenheim, wo auch ihr Sitz ist&lt;&gt;. Reine ideelle Vereinigung von Freunden des Rheinhessischen Weines aus allen Berufen und Bev\u00f6lkerungsschichten mit begrenzter &hellip; <a href=\"https:\/\/www.poweleit.eu\/?page_id=41\" class=\"more-link\"><span class=\"screen-reader-text\">Organisierte Weinkultur<\/span> weiterlesen<\/a><\/p>\n","protected":false},"author":1,"featured_media":0,"parent":36,"menu_order":3,"comment_status":"closed","ping_status":"open","template":"","meta":{"footnotes":""},"class_list":["post-41","page","type-page","status-publish","hentry"],"jetpack_sharing_enabled":true,"_links":{"self":[{"href":"https:\/\/www.poweleit.eu\/index.php?rest_route=\/wp\/v2\/pages\/41","targetHints":{"allow":["GET"]}}],"collection":[{"href":"https:\/\/www.poweleit.eu\/index.php?rest_route=\/wp\/v2\/pages"}],"about":[{"href":"https:\/\/www.poweleit.eu\/index.php?rest_route=\/wp\/v2\/types\/page"}],"author":[{"embeddable":true,"href":"https:\/\/www.poweleit.eu\/index.php?rest_route=\/wp\/v2\/users\/1"}],"replies":[{"embeddable":true,"href":"https:\/\/www.poweleit.eu\/index.php?rest_route=%2Fwp%2Fv2%2Fcomments&post=41"}],"version-history":[{"count":14,"href":"https:\/\/www.poweleit.eu\/index.php?rest_route=\/wp\/v2\/pages\/41\/revisions"}],"predecessor-version":[{"id":1296,"href":"https:\/\/www.poweleit.eu\/index.php?rest_route=\/wp\/v2\/pages\/41\/revisions\/1296"}],"up":[{"embeddable":true,"href":"https:\/\/www.poweleit.eu\/index.php?rest_route=\/wp\/v2\/pages\/36"}],"wp:attachment":[{"href":"https:\/\/www.poweleit.eu\/index.php?rest_route=%2Fwp%2Fv2%2Fmedia&parent=41"}],"curies":[{"name":"wp","href":"https:\/\/api.w.org\/{rel}","templated":true}]}}